rmine q(y).
-6
Let f be ((-2)/4)/(-1)*2. Let v(t) = 4*t - 2. Let z be v(f). Let d(j) = 2*j**2 - 6*j**3 + 6 - 2 + 2*j + z - 5. What is d(-1)?
7
Let x(t) be the third derivative of -t**6/360 + t**5/120 - 19*t**3/3 - 3*t**2 + 14. Let g(v) be the first derivative of x(v). Give g(2).
-2
Let y(m) = 7*m**2 - m - 3. Let g(a) = -2*a**2 + a + 1. Let z(i) = -4*g(i) - y(i). Give z(5).
9
Let s(t) = t**2 - t + 4. Let b(o) = -o**2 - 3*o - 5. Let c(u) = b(u) + 2*s(u). Let x = -1 - -8. Give c(x).
17
Let k(q) = -9*q - 7. Let p(g) be the first derivative of g**2/2 - 15. Let h(c) = k(c) + 6*p(c). Calculate h(-6).
11
Let j(n) = -4*n**3 - n**2. Suppose 3*g = -2*v - 0*v + 5, -g - 1 = -2*v. Calculate j(g).
-5
Let y(a) = 7*a**2 - 3*a + 7. Let r(x) = 8*x**2 - 5*x + 8. Let m(u) = -4*r(u) + 5*y(u). Calculate m(-3).
15
Let c(f) be the first derivative of 7*f**2/2 + f + 48. Determine c(2).
15
Let m(t) be the third derivative of -19*t**2 + 0 - 2/3*t**3 + 1/60*t**5 + 1/24*t**4 + 0*t - 1/120*t**6. Calculate m(0).
-4
Let f be 6*(-2)/(-72) - (-13)/(-6). Let i(l) be the third derivative of l**4/12 + l**3/6 - 3*l**2. Determine i(f).
-3
Suppose -q = 2*q - 24. Suppose -5*w + 41 = -2*a + 4, -3*a - 2*w = q. Let b(z) = -3 - z - 1 + 1 + 0*z + 1. Determine b(a).
4
Let k be 4/14 - (-437)/161. Let u be (2/4 + 1)/(k/(-4)). Let o(h) = -2*h**2 - 2*h + 2. Calculate o(u).
-2
Let l(r) be the second derivative of 1/12*r**4 - 1/2*r**2 + 0 + 0*r**3 + 30*r. Calculate l(3).
8
Let b(g) be the second derivative of g**4/12 - 4*g**3/3 - g**2/2 - 279*g. Let s(n) = n**2 + 4*n - 4. Let l be s(-6). Determine b(l).
-1
Let o(s) = s**3 - 6*s**2 - 7*s. Suppose -11*f - 56 = -19*f. Give o(f).
0
Let h be 4*((-57)/(-18) - 3/(-9)). Let l(b) be the second derivative of b**3/6 - 11*b**2/2 - 6*b. Give l(h).
3
Let a(z) = z**2 + 10*z + 9. Let g = -439 - -430. Determine a(g).
0
Let i(r) = -r**3 - 11*r**2 - 3*r - 29. Let z = -152 + 141. Calculate i(z).
4
Let o(x) = -x - 509 + x - 3*x + 498. What is o(-8)?
13
Let b be (-2)/6 + (-51)/9. Let q(f) be the first derivative of -1/3*f**3 - 1 + 0*f - 4*f**2. Determine q(b).
12
Let a(c) = 2*c + 1. Let b(k) = k**2 - 14*k - 22. Let m be b(16). Suppose m*z + 4 = 8*z. What is a(z)?
-3
Let u(q) = 4*q**3 + q**2 + 3*q + 5. Let z be u(-2). Let f = z - -27. Let p(l) = 3*l + 1. What is p(f)?
-5
Let v(h) be the third derivative of -h**5/30 - 5*h**4/24 - h**3/3 + h**2. Suppose 4*j - 3 = -2*l + 3*l, 5*j + 12 = -4*l. What is v(l)?
-5
Let v(w) = -w**2 - 9*w - 9. Let h(g) = 13*g - 3. Let z be h(3). Let l = -43 + z. Determine v(l).
5
Let g be (-3)/((3/(0 + -1))/(-1)). Let r be (-16)/(-4)*(-2)/(-8). Let j(o) = 8*o - r + 0*o**2 - 3*o**2 - 9*o. Calculate j(g).
-3
Let w = 30 + -7. Suppose 4*z = 3*h + 83, 0*h = -h - z - w. Let c be (-80)/h - 4/(-5). Let p(m) = m**2 - 6*m + 2. What is p(c)?
-6
Let u(q) = -3*q**2 + 3*q + 1. Let j(s) = s**3 - 17*s**2 - 15*s - 51. Let i be j(18). Determine u(i).
-17
Suppose 3*t + 108 = 3*l, 3*t + 58 - 16 = l. Suppose 5*u = -g - l, 2*g + 3*u = -2*u - 41. Let w(a) = a**2 + 8*a + 6. What is w(g)?
6
Let f(v) = v**3 + 5*v**2 - 2*v - 3. Let h(d) = d + 18. Let g be h(-22). Give f(g).
21
Suppose f + 2*t + 9 = -56, -3*f - t - 190 = 0. Let d = f - -59. Let q(n) = n**2 + 6*n + 4. Give q(d).
-4
Let f be (-6149)/39 + (-5)/(-3). Let v = -154 - f. Let u(o) = -3*o**2 + 4*o - 2. What is u(v)?
-6
Suppose -5075*d + 5070*d = -15. Let z(f) = -5*f**3 - 2*f + 2 + 4*f**3 + 5*f**2 + 0. Give z(d).
14
Let o = 96 - 98. Let f(a) = -16*a + 20. Let k(j) = -3*j + 4. Let s(w) = o*f(w) + 11*k(w). Let n = -5 - -8. What is s(n)?
1
Let b(y) = y - 14. Let n be b(12). Let i be (-1*12)/n + 11 + -14. Let x(m) = -m**2 - 5*m + 4. Let a(s) = -s. Let j(k) = 3*a(k) - x(k). Calculate j(i).
11
Suppose c + 3*c = 12. Let s be 3/(-2)*(-8)/c. Let n(z) = -z + 2 - s + 5. Calculate n(4).
-1
Let q(g) = g**2 + 8*g + 2. Suppose 16 = -8*t - 32. Determine q(t).
-10
Let m = -121 + 126. Let t(j) be the third derivative of 0 - 1/4*j**4 + 1/3*j**3 + 1/60*j**5 + 0*j - m*j**2. Calculate t(5).
-3
Let i(s) = -s**2 - 14*s - 10. Let t be i(-13). Let z(v) = 20*v**3 - t*v**3 - 6*v**3 - 4 - 10*v**3. Let o = -2 + 2. Give z(o).
-4
Let r(z) = -88*z + 185. Let s be r(2). Let m(n) = n**2 - 10*n + 12. Calculate m(s).
3
Let v(y) = -47*y**2 - 33*y - 36. Let a(k) = -17*k**2 - 11*k - 12. Let c(t) = 11*a(t) - 4*v(t). What is c(-10)?
2
Let i(u) = -14*u**2 + 0*u - 3*u + 13*u + 15*u**2. Give i(-9).
-9
Let f(z) = -z**3 + 7*z**2 + 10*z - 13. Let c be f(8). Let y be (-4*2/12)/((-2)/c). Let w(o) = -14*o. Calculate w(y).
-14
Let n(r) = -4*r + 1. Let k(g) = 2*g - 45. Let q(p) = -p + 22. Let i(t) = 2*k(t) + 5*q(t). Let a be i(18). Determine n(a).
-7
Let c(y) = 7*y**2 + 10*y - 4. Let r(j) = -24*j**2 - 31*j + 12. Let f(p) = 10*c(p) + 3*r(p). Let s be 1/(-1) - (2 - 7). Give f(s).
-8
Let m(f) = f**2 + 4*f + 5. Let c(k) = k**3 + 12*k**2 + 12*k + 4. Let p be c(-11). Suppose -9 = -5*a + 2*a. Let w = a + p. What is m(w)?
5
Let g(u) be the first derivative of u**2/2 - 6*u + 2. Suppose 0 = 11*k + 23 - 67. Determine g(k).
-2
Let n = -5 + 13. Let y(p) = 4*p - 8*p + n*p. Give y(2).
8
Let h(x) = -x**3 - 6*x**2 - 5. Suppose -5*k + 10 = -4*k. Suppose 3*c + k + 17 = -5*w, -4*c = 2*w + 8. Calculate h(w).
-5
Let z(n) = 2*n**2 - 7*n + 14. Let v(g) = -4*g**2 + 8*g - 17. Let u(p) = 4*v(p) + 5*z(p). Determine u(2).
-28
Suppose -4*a = -0*a - 12. Let z be (1/((-6)/(-8)))/((-18)/(-27)). Let r(v) = -v + 6*v - 4*v**z + a*v**2 + 10. Give r(7).
-4
Let q(v) = -17*v**3 + 9*v**2 + 4*v + 26. Let x(a) = 3*a**3 - 2*a**2 - a - 5. Let i(c) = -2*q(c) - 11*x(c). Determine i(-3).
3
Let b = -92 - -100. Let y be 0 + -2 + 0 + 4. Suppose -4*r = g + b, 4*r + y*g = 3*r - 2. Let j(f) = -3*f - 2. Determine j(r).
4
Let d(m) be the first derivative of m**4/2 + 5*m**3/3 + m**2/2 - 3*m - 52. Calculate d(-3).
-15
Suppose 11*r = r + 40. Suppose -r*k + 18 - 22 = 0. Let h(p) = -15*p - 1. Determine h(k).
14
Suppose 0 = -5*w + 3 + 7. Suppose w*c = 5*c - 6. Suppose 0 = -c*h + u + 3 + 6, 2*u = -5*h + 36. Let y(l) = -l. Determine y(h).
-6
Let b(o) = 9*o + 69. Suppose 0 = -3*x + 3*m - 4*m - 16, -8 = -x - 3*m. What is b(x)?
6
Let z(g) = -3*g. Suppose n + 3*m - 41 = 0, -n + m + 0 + 25 = 0. Let o = 48 - 39. Let r be (-2)/(-9) - n/o. What is z(r)?
9
Let h(l) be the first derivative of l**3/3 - l - 91. Calculate h(1).
0
Let i(m) = -9*m - 8. Let v(d) = d**3 + 19*d**2 - 42*d. Let w be v(-21). Determine i(w).
-8
Let l(b) = 14*b**2 + 31*b + 66. Let v(d) = 5*d**2 + 11*d + 23. Let f(y) = 6*l(y) - 17*v(y). Let p = 1 - 1. Give f(p).
5
Let s(z) = z**2 + 5*z - 137. Let u(k) = -k**2 - 4*k + 172. Let v(y) = 5*s(y) + 4*u(y). Suppose 0 = p + 1 + 4. What is v(p)?
-17
Let r(n) = n**2 + 4*n. Let o(g) = -10*g**2 - 2*g + 3. Let y be o(2). Let z = y + 38. Give r(z).
-3
Let v(z) = 8*z**2 - 3*z + 36 - 80 + 42 - 3*z**2. What is v(-1)?
6
Let d(t) = -172 - 175 + 498 - 163 + t. Determine d(6).
-6
Let u(p) = 3*p - 1. Let v(b) = -4*b + 1. Let d(k) = -3*u(k) - 4*v(k). Calculate d(1).
6
Suppose 0 = -4*j + j + 15. Let x(u) = 1 - j + 3 - u**2 + 5*u. Suppose -10 = 4*z - 26. Calculate x(z).
3
Suppose -w + 11 = s, -s - 3*w = -12 - 5. Suppose 4*n - 2*o - s = 0, 4*n + o = -0*o + 8. Let r(p) = 13*p**3 + 0 + 236*p**2 + 1 - 237*p**n. Determine r(-1).
-13
Let f be 86/6 - 2/6. Suppose -2*c + 0 + f = 0. Let y(d) = -c*d**3 + 3*d**3 + d + 3*d**3. Calculate y(-1).
0
Let h = -41 + 44. Let l(z) = -z - z - 4 - 2*z + 8*z**2 + 6 - z**h. Give l(7).
23
Let r be 92/6 + (-29)/87. Let h(i) = -i**3 + 16*i**2 - 15*i + 1. Determine h(r).
1
Let y(d) = d**3 + 5*d**2 + 2*d - 2. Suppose -4*g - u = -0*u - 5, 3*u - 15 = 0. Suppose 5*a - 6 + 31 = 5*w, -a + 2*w - 8 = g. Calculate y(a).
6
Let i(v) = -v**3 - v**2 + v + 3. Suppose -4*g - 5*u = g - 20, 20 = -5*u. Let d be g + -13 - (-1 - 4). Give i(d).
3
Suppose -15 = -5*j, 2*j + 14 - 6 = u. Let p(z) = -z. What is p(u)?
-14
Let q(o) = o + 17. Let u(g) be the first derivative of -g**3/3 - 3*g**2/2 + 24. Let i be u(-5). Give q(i).
7
Let i(x) = 5*x - 4. Suppose -5*f = 3*g - 36, 5*f = -g - 8 + 40. Give i(f).
26
Let x(v) be the third derivative of -v**6/120 - v**5/12 + v**4/6 - 3*v**3/2 + v**2 - 5*v. Determine x(-6).
3
Let l(u) = -4*u**3 + 22*u**2 + 13*u - 6. Let b be l(6). Let f(p) = p**3 + p**2 - p - 10. What is f(b)?
-10
Let k(n) be the first derivat